0 - (-6 + 0)/3. Suppose 4*t - 8*t - 2*s + 182 = 0, 0 = 2*s - f. Calculate the highest common divisor of m and t.
15
Let b be 4/6 - ((-76)/12 + 8). Let j be (0 + (40 - 0))*4. Let w be (2 - b)/(6/j). Calculate the greatest common divisor of w and 10.
10
Suppose 7 + 12 = 19*q. What is the highest common factor of 9 and q?
1
Suppose -333*r + 326*r = -28. Calculate the highest common divisor of r and 34.
2
Suppose 11*x - 154 - 33 = 0. What is the highest common factor of x and 119?
17
Let y = 594 + -394. Let b be (-160)/(-6)*(2/(-5))/((-120)/450). What is the greatest common factor of y and b?
40
Suppose 0 = 4*s + 3*i - 6849, 4*s + 2496 - 9333 = i. What is the greatest common divisor of 57 and s?
57
Let p(c) = 37*c**2 + 276*c + 5. Let q be p(-8). Let s = 51 - 18. Calculate the highest common divisor of q and s.
33
Let a(p) = p**2 - 11*p + 8. Suppose 0 = 2*v - 3 - 3. Suppose -25 = -v*c + l + l, 4*c - 48 = -l. Let n be a(c). Calculate the greatest common factor of n and 72.
8
Suppose -4*u + 4 = 3*x, 4*x + 5 = 5*u + x. Let s be u/(-5) - 2169/(-45). Let b = 27 - 15. What is the greatest common factor of s and b?
12
Let z(w) = 42*w + 1394. Let o be z(-33). Let n be 4/14 - 780/(-14). What is the greatest common divisor of n and o?
8
Let n = 18 + -10. Let h(r) be the second derivative of 2*r**3/3 + 2*r**2 + 8*r. Let s be h(7). What is the highest common divisor of n and s?
8
Let j = -36 - -26. Suppose 209 = 15*o - 31. Let s = o + j. Calculate the greatest common divisor of s and 4.
2
Let a = -7 - -10. Suppose 833 = 4*u + 2*c + c, 0 = -a*u + 4*c + 631. What is the greatest common factor of u and 19?
19
Let c = -153 + 191. What is the highest common factor of 114 and c?
38
Let f = 822 - 812. Calculate the greatest common divisor of f and 105.
5
Let r(o) = -o**2 + 6*o - 8. Let t be r(4). Suppose -q = -t*q + 3*g, 4*q + g = 55. Suppose 3*c - 75 = 2*c. Calculate the greatest common divisor of c and q.
15
Let u(z) = -11*z - 9. Let p(l) = 10*l + 9. Let v(d) = 3*p(d) + 2*u(d). Let h be v(9). Calculate the greatest common factor of h and 54.
27
Let p(k) = k**3 + 23*k**2 + 20*k - 26. Let o be p(-22). Suppose 5*h - 210 = 2*h + 2*i, -345 = -5*h + 5*i. Calculate the greatest common divisor of o and h.
18
Let x(a) = 3*a + 25. Let l be x(-10). Let k = l - -12. Suppose 0*y = -4*y - n + 255, 330 = 5*y + 5*n. Calculate the greatest common divisor of y and k.
7
Let s = -7 - -26. Suppose -4*w - 2*a + 682 = 0, -2*w + a + 197 = -146. What is the highest common divisor of s and w?
19
Let p = -102 + 238. Suppose 0 = 4*o, 2*o = -4*n - o + 28. Let h = 10 + n. What is the greatest common divisor of p and h?
17
Suppose -3*u + 75 = a, 2*u - 2*a - 11 = 31. Calculate the greatest common divisor of u and 152.
8
Let q = 474 + -366. Calculate the greatest common divisor of 36 and q.
36
Suppose 0 = 2*v - 8. Suppose v*x - 5*l = -7*l + 968, 3*l - 723 = -3*x. What is the greatest common divisor of 27 and x?
27
Suppose m - 10 = -0*m - i, 4*m = 2*i + 10. Suppose 4*c - 4*j - 260 = 0, -142 = -m*c + 2*j + 183. What is the greatest common divisor of 26 and c?
13
Let q be (-40)/45*3*9. Let l be 1332/30 + (q/(-15) - 2). What is the greatest common factor of 4 and l?
4
Let x(t) = -3*t. Let y be x(-1). Let f(w) = w**2 - 3*w + 3. Let m be f(y). Suppose 0 = -m*r + r + 32. Calculate the highest common divisor of r and 24.
8
Let v(s) = -s**3 - 12*s**2 - 35*s - 57. Let n be v(-9). What is the highest common divisor of n and 105?
15
Suppose -5*a - 60 = -8*a. Let o = a - 14. Let b be o/(-4)*48/(-4). What is the greatest common factor of 27 and b?
9
Suppose -3*j + 66 = -3*s, -2*j + 28 = 3*s - 6. Let o = -33 + 58. What is the greatest common factor of j and o?
5
Let g(j) = j**2 - 18*j + 2. Suppose -6*p + 4*p + 36 = 0. Let z be g(p). Calculate the greatest common divisor of 18 and z.
2
Suppose -2*a = -2*o + 84, 5*a + 69 = -2*o + 4*o. Let x be 8/((7 - 5)*1/94). Calculate the greatest common divisor of x and o.
47
Let j = -43 + 47. Suppose 6*r - 40 = j*r. What is the greatest common factor of r and 4?
4
Let f be (13 - 9)/((2/(-15))/(-1)). What is the highest common divisor of f and 60?
30
Suppose 276 - 1080 = -u. What is the greatest common divisor of 12 and u?
12
Let g(y) = -44 - 44*y + 94*y - 52*y. Let t be g(-23). What is the greatest common factor of t and 6?
2
Let y(f) = -11*f + 5 - 4*f**2 + 5 - 4 + f**3. Let p be y(6). Calculate the greatest common divisor of 8 and p.
4
Let z be ((-27)/(-6))/((-73)/(-584)). Calculate the highest common factor of z and 44.
4
Suppose 0 = 5*t - 259 + 79. Let w be (-381)/(-7) + (-9)/21. What is the greatest common factor of w and t?
18
Let y(b) = b**2 + 9*b + 12. Let o be y(-8). Suppose -4*w = -4*p - 52, 2*p = o*w + 3*p - 27. Let v = 585 + -577. Calculate the highest common divisor of v and w.
8
Suppose -4*i - i = 35. Let t = -97 + 138. Let g = t + i. What is the greatest common divisor of 51 and g?
17
Let a(w) = -16*w + 10. Let i(l) = -l. Let q(c) = a(c) - 10*i(c). Let f be q(4). Let r = f + 15. What is the greatest common factor of r and 7?
1
Let m be (33/2)/3 - 120/240. Suppose b = 3*u + m*b - 99, 2*u - 2*b = 80. What is the greatest common factor of u and 259?
37
Let g(r) = 4*r + 2. Let y(u) = 16*u + 9. Let c(d) = 26*g(d) - 6*y(d). Let v be c(-2). Let z = v - -21. Calculate the greatest common factor of z and 12.
3
Let d = 236 + -225. Let c(a) = -4*a - 7. Let l be c(-10). What is the greatest common divisor of l and d?
11
Let l = 147 + -150. Let g be l + 8/((-24)/(-189)). What is the highest common divisor of 12 and g?
12
Let q be 8/10*5 + 3 - -3. Calculate the greatest common divisor of 50 and q.
10
Let k be (-84)/(-9)*(-42)/(-4). Calculate the greatest common factor of k and 14.
14
Suppose 3*v = -2*l + 4*l - 45, 2*v - 5*l + 41 = 0. Let j = 113 - v. Calculate the highest common factor of j and 21.
21
Let y(s) = 2*s + 3. Let j = 6 - 2. Suppose 0 = 3*v - j*u + 2*u + 1, 4*u = 20. Let i be y(v). What is the highest common factor of 27 and i?
9
Suppose -4*z + 3*n + 36 = -z, 0 = 4*n + 8. Suppose -3*p + 20 = -z. What is the highest common factor of 40 and p?
10
Let u(t) = 7*t**2 + t - 2. Let f be u(2). Let y = -26 + 6. Let l = y + 90. What is the highest common factor of l and f?
14
Let t = -939 + 962. Calculate the greatest common divisor of 92 and t.
23
Suppose 285 = -3*n + 8*n. What is the greatest common factor of 76 and n?
19
Let b(r) = -r**3 - 17*r**2 - 5*r - 9. Let d be b(-17). What is the greatest common divisor of 57 and d?
19
Let y = 5 + -2. Let x be -3 + (9 - -3) + -1*5. Suppose -4*s + 67 = s + t, -y*s + x*t + 54 = 0. What is the greatest common divisor of 35 and s?
7
Suppose 2*b - 4*z = 40, z - 74 = -b - 2*b. Suppose 0 = -0*f - 4*f + b. Calculate the highest common divisor of 15 and f.
3
Suppose 3*j + 3*r = -0*r + 135, -2*r + 44 = j. Suppose 0 = -b + 130 + j. What is the highest common factor of 22 and b?
22
Let d = -54 + 88. Suppose -4*s = -8*s + 4. Let m = s + 50. What is the highest common divisor of d and m?
17
Suppose -3*q = m + 4*m, m = -5*q. Suppose -3*r + 264 = -m*r. What is the highest common divisor of r and 11?
11
Suppose 2*a = 9*a - 2772. Let n be (-44)/6*((-2 - 6) + 2). What is the highest common divisor of a and n?
44
Let a be 497/11 + (-44)/242. What is the greatest common divisor of a and 20?
5
Suppose 760 = h + 100. Let v = -5 + 8. Suppose -u = v*u - h. What is the highest common divisor of 15 and u?
15
Suppose 0 = 5*n + 13 + 12. Let y = n + 9. Let c(q) = 2*q**2 - 4*q + 6. Let t be c(y). What is the highest common divisor of t and 33?
11
Suppose -44*u + 120 = -232. Let q = 18 - -54. Calculate the highest common divisor of u and q.
8
Let d(l) = 5*l + 3. Let x be d(6). Suppose 3*t + 3 = x. Calculate the greatest common factor of 110 and t.
10
Let m(i) = -5*i**2 - 12*i + 2. Let g(r) = -6*r**2 - 11*r + 2. Let k(w) = 6*g(w) - 7*m(w). Let q be k(12). What is the highest common divisor of 28 and q?
14
Suppose 0 = -7*t + 2*t + 10. Suppose 6*n = -4*j + n + 899, t*j = -2*n + 452. What is the greatest common factor of j and 21?
21
Let w be (1 - 4)*(-64)/3. Let h be -2 + 90/(1 - -4). What is the greatest common factor of h and w?
16
Let u = 25 + -4. Let k = 51 - -12. Calculate the highest common factor of k and u.
21
Suppose 0 = -146*g + 132*g + 112. What is t